s of 232373932?
2, 7, 101, 127, 647
List the prime factors of 1470278966.
2, 13, 17, 3326423
What are the prime factors of 99649849?
13, 71, 107, 1009
List the prime factors of 14157446.
2, 7078723
List the prime factors of 2296503516.
2, 3, 191375293
List the prime factors of 5983271603.
271, 22078493
What are the prime factors of 77875568?
2, 4867223
List the prime factors of 245164545.
3, 5, 5448101
List the prime factors of 24326769.
3, 8108923
What are the prime factors of 20006237?
41, 83, 5879
What are the prime factors of 245318079?
3, 53, 1542881
What are the prime factors of 2179386328?
2, 7, 503, 1579
List the prime factors of 218129865.
3, 5, 1621, 8971
What are the prime factors of 15639529?
15639529
List the prime factors of 751559116.
2, 7, 11, 2440127
List the prime factors of 185062548.
2, 3, 11, 1401989
What are the prime factors of 23514417?
3, 17, 153689
List the prime factors of 670787917.
43, 15599719
List the prime factors of 80673446.
2, 7, 509, 11321
What are the prime factors of 31269576?
2, 3, 13, 31, 53, 61
What are the prime factors of 141337945?
5, 7, 167, 24181
What are the prime factors of 248018815?
5, 11, 97, 46489
List the prime factors of 140690292.
2, 3, 11724191
List the prime factors of 186534161.
11, 31, 547021
What are the prime factors of 8267013?
3, 593, 1549
What are the prime factors of 947828665?
5, 7, 27080819
List the prime factors of 228933018.
2, 3, 29, 438569
List the prime factors of 91205453.
19, 4800287
List the prime factors of 6282954441.
3, 251, 641, 4339
List the prime factors of 300419704.
2, 13, 2888651
What are the prime factors of 44699346?
2, 3, 97, 25601
What are the prime factors of 72352805?
5, 7, 193, 10711
List the prime factors of 30000634.
2, 15000317
What are the prime factors of 16180227?
3, 7, 79, 3251
List the prime factors of 3125944.
2, 390743
List the prime factors of 52716377.
7, 7530911
What are the prime factors of 1316901357?
3, 146322373
List the prime factors of 863407709.
19, 45442511
List the prime factors of 657977517.
3, 151, 281, 1723
What are the prime factors of 63700823?
23, 2769601
What are the prime factors of 222327415?
5, 43, 571, 1811
What are the prime factors of 3818903?
11, 347173
What are the prime factors of 73680447?
3, 127, 193387
List the prime factors of 55914249.
3, 379, 49177
What are the prime factors of 315558679?
383, 823913
What are the prime factors of 784956711?
3, 7, 11, 191, 17791
What are the prime factors of 2336174?
2, 17, 68711
List the prime factors of 119184319.
4813, 24763
List the prime factors of 226801330.
2, 5, 7, 3240019
List the prime factors of 82715.
5, 71, 233
List the prime factors of 3033635975.
5, 17, 31, 230257
List the prime factors of 47134519.
47134519
What are the prime factors of 28988805?
3, 5, 593, 3259
What are the prime factors of 78844010?
2, 5, 7, 1126343
What are the prime factors of 8829042?
2, 3, 83, 17729
What are the prime factors of 3613322829?
3, 73, 2239, 7369
List the prime factors of 1493475841.
11, 13, 71, 147097
List the prime factors of 246420772.
2, 13, 29, 163409
What are the prime factors of 338653438?
2, 151, 1121369
What are the prime factors of 102539013?
3, 34179671
List the prime factors of 186683932.
2, 83, 562301
List the prime factors of 91795091.
59, 73, 21313
List the prime factors of 1672015164.
2, 3, 139334597
List the prime factors of 7561753823.
13, 4261, 136511
What are the prime factors of 556309651?
499, 1114849
List the prime factors of 57640042.
2, 619, 46559
List the prime factors of 5967120.
2, 3, 5, 23, 47
List the prime factors of 3822399485.
5, 53, 821, 17569
List the prime factors of 121487219.
7, 17, 23, 373
List the prime factors of 3861462466.
2, 199, 9702167
List the prime factors of 5410115234.
2, 22409, 120713
List the prime factors of 249913886.
2, 67, 211, 8839
List the prime factors of 985518642.
2, 3, 97, 1693331
What are the prime factors of 259614402?
2, 3, 43269067
List the prime factors of 200177552.
2, 12511097
List the prime factors of 214870109.
53, 607, 6679
What are the prime factors of 39937642?
2, 71, 281251
List the prime factors of 28953143.
3527, 8209
List the prime factors of 204941878.
2, 67, 139, 11003
List the prime factors of 6650560389.
3, 11, 18321103
What are the prime factors of 222880818?
2, 3, 37146803
What are the prime factors of 619305678?
2, 3, 211, 163061
What are the prime factors of 106448513?
31, 3433823
What are the prime factors of 1267685166?
2, 3, 11, 131, 151, 971
List the prime factors of 2770889566.
2, 1009, 1373087
What are the prime factors of 628684296?
2, 3, 673, 38923
List the prime factors of 2855703072.
2, 3, 29746907
What are the prime factors of 442319733?
3, 49146637
What are the prime factors of 43875330?
2, 3, 5, 41, 35671
What are the prime factors of 16817711?
16817711
What are the prime factors of 712575480?
2, 3, 5, 907, 6547
What are the prime factors of 82233896?
2, 17, 604661
What are the prime factors of 98250293?
17, 5779429
What are the prime factors of 4463080213?
101, 6301, 7013
List the prime factors of 1348951426.
2, 23, 463, 63337
What are the prime factors of 117502726?
2, 11, 19, 47, 5981
List the prime factors of 5462055219.
3, 41, 883, 50291
List the prime factors of 156387233.
17, 19, 484171
List the prime factors of 11299150.
2, 5, 225983
List the prime factors of 74552924.
2, 41, 83, 5477
What are the prime factors of 323495808?
2, 3, 103, 8179
What are the prime factors of 18560008?
2, 2320001
What are the prime factors of 523240062?
2, 3, 53, 1645409
What are the prime factors of 43137479?
7, 11, 560227
List the prime factors of 15192254.
2, 7, 11, 17, 829
What are the prime factors of 1183199263?
1183199263
What are the prime factors of 447908961?
3, 1933, 77239
What are the prime factors of 4060103587?
67, 3343, 18127
List the prime factors of 67685310.
2, 3, 5, 7, 11, 9767
What are the prime factors of 23970925?
5, 11, 67, 1301
List the prime factors of 177947007.
3, 7, 17, 151, 3301
List the prime factors of 762966348.
2, 3, 311, 204439
What are the prime factors of 890076204?
2, 3, 19, 1301281
List the prime factors of 168485119.
11, 859, 1621
What are the prime factors of 27297182?
2, 11, 23, 73, 739
List the prime factors of 94318235.
5, 11, 1249, 1373
What are the prime factors of 3350270220?
2, 3, 5, 11, 151, 33617
List the prime factors of 413673951.
3, 29, 31, 163, 941
List the prime factors of 8246989377.
3, 11, 109, 23159
List the prime factors of 14247052.
2, 257, 13859
List the prime factors of 609138522.
2, 3, 149, 75707
What are the prime factors of 26616976?
2, 257, 6473
List the prime factors of 308187427.
3691, 83497
What are the prime factors of 30038656?
2, 109, 2153
What are the prime factors of 220914782?
2, 11, 912871
What are the prime factors of 265732626?
2, 3, 29, 109, 14011
What are the prime factors of 527891374?
2, 31, 8514377
What are the prime factors of 65690953?
31, 167, 12689
What are the prime factors of 163886440?
2, 5, 619, 6619
What are the prime factors of 578529277?
7309, 79153
List the prime factors of 43724157.
3, 14574719
List the prime factors of 27162567.
3, 1006021
List the prime factors of 84276188.
2, 149, 141403
What are the prime factors of 20948551?
13, 139, 11593
List the prime factors of 527205561.
3, 31, 182867
What are the prime factors of 464973272?
2, 3491, 16649
What are the prime factors of 230601008?
2, 11, 1310233
List the prime factors of 178922224.
2, 13, 157, 5479
List the prime factors of 381793136.
2, 23862071
What are the prime factors of 33907807?
2531, 13397
What are the prime factors of 98232891?
3, 37, 884981
List the prime factors of 34290192.
2, 3, 587, 1217
List the prime factors of 401075677.
887, 452171
What are the prime factors of 3501673?
7, 500239
List the prime factors of 1443746651.
1443746651
List the prime factors of 837263270.
2, 5, 839, 99793
What are the prime factors of 360494697?
3, 6709, 17911
List the prime factors of 81094825.
5, 7, 463399
What are the prime factors of 439170981?
3, 146390327
What are the prime factors of 63132907?
23, 41, 66949
List the prime factors of 518807874.
2, 3, 13, 2333, 2851
List the prime factors of 530165087.
530165087
List the prime factors of 364